alse
Is 7 a factor of 223755?
True
Is 12807810 a multiple of 986?
False
Is 19 a factor of 481688?
True
Is 11328 a multiple of 6?
True
Is 31 a factor of 16778440?
True
Is 1040628 a multiple of 277?
False
Does 102 divide 33900?
False
Is 53155 a multiple of 88?
False
Is 287 a factor of 1095766?
True
Is 72 a factor of 11465784?
True
Is 1479367 a multiple of 258?
False
Does 169 divide 264652?
False
Is 82708 a multiple of 62?
True
Is 79526 a multiple of 5?
False
Does 20 divide 346790?
False
Is 920 a factor of 40884800?
True
Is 49873 a multiple of 53?
True
Does 118 divide 199302?
True
Is 8502 a multiple of 2?
True
Does 12 divide 320702?
False
Is 18 a factor of 396072?
True
Does 279 divide 78957?
True
Is 8058960 a multiple of 35?
True
Does 17 divide 35581?
True
Is 129 a factor of 155316?
True
Is 1936 a factor of 8061178?
False
Does 292 divide 631941?
False
Is 54 a factor of 9214290?
True
Does 24 divide 115903?
False
Does 20 divide 14049740?
True
Does 15 divide 26190689?
False
Does 33 divide 154242?
True
Does 468 divide 2621118?
False
Does 78 divide 3427086?
True
Does 182 divide 1302028?
True
Is 672113 a multiple of 169?
True
Does 18 divide 1674306?
True
Does 86 divide 2524206?
False
Is 49455 a multiple of 21?
True
Does 302 divide 5963564?
False
Is 1095126 a multiple of 74?
True
Is 127 a factor of 4894707?
True
Is 9 a factor of 2567716?
False
Is 6 a factor of 50991?
False
Is 1476108 a multiple of 232?
False
Is 118 a factor of 27153065?
False
Is 190 a factor of 6599650?
True
Does 12 divide 5088?
True
Does 32 divide 373376?
True
Is 74954 a multiple of 5?
False
Does 11 divide 475860?
True
Is 5898336 a multiple of 12?
True
Does 148 divide 3752096?
True
Does 4 divide 384476?
True
Is 2 a factor of 11089?
False
Is 806556 a multiple of 1433?
False
Is 442 a factor of 170169?
False
Is 28 a factor of 16001496?
True
Is 6719804 a multiple of 52?
True
Is 6 a factor of 12090?
True
Does 18 divide 129704?
False
Does 4 divide 296123?
False
Is 5 a factor of 1051350?
True
Is 212 a factor of 916264?
True
Is 17 a factor of 140354?
False
Is 1587620 a multiple of 13?
False
Is 123963 a multiple of 11?
False
Does 36 divide 659852?
False
Does 125 divide 22798?
False
Is 100 a factor of 254741?
False
Is 4288975 a multiple of 48?
False
Is 26 a factor of 904763?
False
Does 19 divide 2204006?
False
Is 10 a factor of 2489884?
False
Is 8952730 a multiple of 2110?
True
Is 7092 a multiple of 4?
True
Is 74852 a multiple of 61?
False
Is 527058 a multiple of 9?
True
Is 824364 a multiple of 17?
True
Does 15 divide 468645?
True
Is 120 a factor of 165279?
False
Is 60933 even?
False
Is 16 a factor of 175089?
False
Is 34272 a multiple of 112?
True
Is 3799740 a multiple of 60?
True
Is 32 a factor of 779589?
False
Is 88 a factor of 170029?
False
Is 164628 a multiple of 12?
True
Is 262822 a multiple of 511?
False
Is 12 a factor of 392640?
True
Does 1406 divide 3664036?
True
Is 1418869 a multiple of 15?
False
Does 6 divide 856873?
False
Is 2230991 a multiple of 502?
False
Is 828564 a multiple of 44?
True
Is 100330 a multiple of 4?
False
Is 17 a factor of 263499?
False
Does 6 divide 9969?
False
Is 9 a factor of 1307533?
False
Is 121877 a multiple of 2?
False
Does 87 divide 6997584?
True
Is 166 a factor of 237546?
True
Is 788065 a multiple of 9?
False
Is 20 a factor of 17095500?
True
Is 8875171 a multiple of 596?
False
Does 33 divide 17687?
False
Is 36 a factor of 2146860?
True
Is 21912 a multiple of 11?
True
Is 2165772 a multiple of 354?
True
Does 939 divide 7049577?
False
Is 725 a factor of 12908143?
False
Is 39 a factor of 68835?
True
Does 57 divide 920208?
True
Is 275221 a multiple of 4?
False
Is 161 a factor of 88067?
True
Is 34 a factor of 620058?
True
Is 156555 a multiple of 5?
True
Does 7 divide 87614?
False
Is 13374409 a multiple of 109?
True
Does 68 divide 136022?
False
Is 10 a factor of 8267016?
False
Is 1202533 a multiple of 617?
True
Does 7 divide 403717?
False
Does 6 divide 17009?
False
Is 9 a factor of 35931?
False
Does 246 divide 801468?
True
Does 62 divide 3348?
True
Is 54603 a multiple of 36?
False
Does 191 divide 1796981?
False
Is 10151895 a multiple of 118?
False
Does 96 divide 206298?
False
Does 24 divide 158616?
True
Does 452 divide 151895?
False
Does 7 divide 493889?
False
Is 31 a factor of 299564?
False
Is 1910 a multiple of 33?
False
Does 20 divide 954907?
False
Is 16 a factor of 894724?
False
Does 19 divide 695421?
False
Is 4 a factor of 25293?
False
Does 58 divide 493684?
False
Is 391104 a multiple of 210?
False
Does 399 divide 2091379?
False
Is 8 a factor of 245164?
False
Is 143 a factor of 5156437?
True
Is 103 a factor of 83327?
True
Is 660262 a multiple of 19?
False
Is 2661739 a multiple of 83?
False
Does 121 divide 546073?
True
Is 8274940 a multiple of 20?
True
Is 11 a factor of 1104521?
True
Does 224 divide 5509400?
False
Does 17 divide 134606?
True
Does 24 divide 1261704?
True
Is 1711056 a multiple of 28?
False
Does 14 divide 40423?
False
Does 26 divide 9809155?
False
Is 589479 a multiple of 22?
False
Is 108 a factor of 131652?
True
Is 17 a factor of 360022?
False
Does 58 divide 98768?
False
Does 2 divide 451859?
False
Is 8 a factor of 617152?
True
Is 30 a factor of 5872170?
True
Does 16 divide 11655196?
False
Does 511 divide 419193?
False
Is 249826 a multiple of 19?
False
Is 2 a factor of 393857?
False
Does 40 divide 1147440?
True
Does 331 divide 38227?
False
Is 11 a factor of 125656?
False
Is 234355 a multiple of 62?
False
Is 58 a factor of 148016?
True
Does 583 divide 404019?
True
Is 10 a factor of 745840?
True
Does 21 divide 567484?
False
Is 214527 a multiple of 224?
False
Is 4 a factor of 26836?
True
Is 184 a factor of 249688?
True
Does 184 divide 1381109?
False
Does 20 divide 312866?
False
Is 1201725 a multiple of 147?
True
Does 123 divide 53259?
True
Does 393 divide 106764?
False
Is 859518 a multiple of 33?
True
Is 389 a factor of 3658273?
False
Is 8 a factor of 68773?
False
Is 74 a factor of 98838?
False
Is 1554967 a multiple of 188?
False
Is 227574 a multiple of 141?
True
Is 65181 a multiple of 54?
False
Is 1878908 a multiple of 50?
False
Is 155691 a multiple of 9?
True
Is 8 a factor of 351989?
False
Does 18 divide 23356?
False
Is 13 a factor of 196417?
True
Is 21 a factor of 2117686?
False
Does 423 divide 5070078?
True
Is 8137799 a multiple of 109?
False
Is 10750532 a multiple of 754?
True
Is 54 a factor of 8607917?
False
Is 143 a factor of 15587?
True
Does 12 divide 456264?
True
Is 5 a factor of 1813081?
False
Is 11 a factor of 1625778?
True
Is 697344 a multiple of 16?
True
Is 7 a factor of 6666030?
True
Is 108900 a multiple of 25?
True
Does 5 divide 233538?
False
Is 75 a factor of 315146?
False
Does 19 divide 243979?
True
Is 999519 a multiple of 177?
True
Is 4 a factor of 10633?
False
Is 9 a factor of 115704?
True
Does 5 divide 162140?
True
Does 164 divide 37921?
False
Is 10 a factor of 2570250?
True
Does 107 divide 69973?
False
Is 1390 a factor of 15401979?
False
Is 1047913 a multiple of 236?
False
Does 64 divide 548469?
False
Is 7932683 a multiple of 1333?
True
Is 1019 a factor of 1995202?
True
Is 17 a factor of 977772?
True
Does 75 divide 154246?
False
Does 15 divide 832633?
False
Is 29 a factor of 328760?
False
Is 159 a factor of 152478?
False
Is 51 a factor of 4533390?
True
Does 129 divide 269683?
False
Is 10 a factor of 2905530?
True
Is 68 a factor of 254276?
False
Does 10 divide 3117717?
False
Is 13283116 a multiple of 122?
True
Is 20 a factor of 62786?
False
Does 44 divide 42337?
False
Is 1321548 a multiple of 49?
False
Does 5 divide 219358?
False
Is 242949 a multiple of 12?
False
Is 139495 a multiple of 160?
False
Is 2322293 a multiple of 41?
False
Is 1993740 a multiple of 12?
True
Is 28 a factor of 6805670?
False
Is 7529081 a multiple of 65?
False
Does 599 divide 1335171?
True
Does 48 divide 3490319?
False
Does 45 divide 2160?
True
Is 1658751 a multiple of 19?
False
Is 111 a factor of 1038072?
True
Does 239 divide 2922253?
True
Is 165898 a multiple of 639?
False
Does 1459 divide 8940752?
True
Is 2083516 a multiple of 6?
False
Is 499 a factor of 481428?
False
Is 86802 a multiple of 17?
True
Is 24331 a multiple of 8?
False
Is 198005 a multiple of 199?
True
Does 301 divide 712097?
False
Does 7 divide 991326?
True
Does 208 divide 31824?
True
Is 1